2. What is the units digit of h?
9
Suppose 71453 = 11*i - 454. What is the tens digit of i?
3
Let r(j) = -8*j + 7. Let b be r(2). Let i(c) = -32*c + 23. What is the units digit of i(b)?
1
Let h(i) = -i + 14. Let f be h(10). Suppose -4*j - j - 5*l = -35, -f*l = -20. Suppose 2*k + j*k = 156. What is the tens digit of k?
3
Let l be (2169/(-18) + 8)/(2/(-60)). Suppose l = 10*t - 4815. What is the tens digit of t?
1
Let n(i) = -15*i + 17 + 23 - 36. Let t be (-3)/6*-2 + -2. What is the units digit of n(t)?
9
Let v(z) = -z**3 - 10*z**2 + 13*z + 26. Let q be v(-11). Suppose -q*y = 5*y - 2340. Suppose 20 + y = 5*n. What is the units digit of n?
6
Suppose y + 7*a + 41632 = 5*y, -2*y - 3*a = -20790. What is the ten thousands digit of y?
1
Suppose 2*s - j - 964 = 0, 2*j + 2408 = 5*s - j. Suppose -252 = -0*t - 2*t. Suppose -i - q + t = 0, 5*i - q = i + s. What is the tens digit of i?
2
Let h = -1613 - -4974. What is the tens digit of h?
6
Let n(d) = 1848*d**2 - 51*d + 92. What is the hundreds digit of n(3)?
5
Suppose 3*u = 7*u - 0*u - 25508. What is the hundreds digit of u?
3
Let k be (-3 - (-700 + -1))/2 - -3. Suppose -50 - k = -6*f. What is the tens digit of f?
6
Suppose -149*x + 141*x - 40 = 0. What is the hundreds digit of 0 - -595 - x*22/55?
5
Suppose 2*u = -3*w + 4033, 40*u - 45*u = 5. What is the thousands digit of w?
1
Suppose 13 + 17 = 6*m. Suppose c = m*r - 1848, r + 37 = -5*c + 391. Suppose 5*y = 1 + r. What is the units digit of y?
4
Let n(y) = 48*y - 12. Let s be n(3). Suppose -10*z = 2*z - s. Suppose 81 = z*l - 8*l. What is the units digit of l?
7
Let l be (-20)/25 - 16/(-20). Suppose 2*w = 4, l = -4*b - 6*w + 11*w + 702. What is the hundreds digit of b?
1
Let b(u) = -2*u**3 - 18*u**2 - 5*u - 35. Let l be b(-9). Suppose -2392 + 8342 = l*a. What is the units digit of a?
5
Let k(o) = -71*o + 46. Let r(s) = 107*s - 68. Let w(z) = 8*k(z) + 5*r(z). What is the tens digit of w(-4)?
6
Suppose 1817 - 6687 = -10*v. Suppose -v*i = -495*i + 6032. What is the units digit of i?
4
Let d(w) be the third derivative of -w**6/120 + 11*w**5/30 - 5*w**4/3 - 5*w**3/3 - 6*w**2 - 3*w. What is the units digit of d(18)?
6
Let p(c) = -3223*c - 871. What is the tens digit of p(-5)?
4
What is the tens digit of 22029/6*(-174)/(-203)?
4
Suppose 4*c + 5*r = 0, 3*c - 4*c + 3*r = -17. Let y(i) = 39*i + 29*i + 35*i - c - 118*i. What is the units digit of y(-6)?
5
Let l = -85129 + 132845. What is the tens digit of l?
1
Suppose -2*x + 35 = 3*x. Suppose q = 2*f - 42, 5*f + x*q - 2*q = 75. What is the tens digit of f?
1
Let k(r) = r**2 - 19*r + 10. Let o(y) = y**2 - 20*y + 9. Let p(s) = -5*k(s) + 4*o(s). Let u be p(10). Suppose u*m + 384 = 39*m. What is the hundreds digit of m?
1
Suppose 543*r = -40*r + 44863016. What is the thousands digit of r?
6
Let b(z) = -3*z**2 - z + 1. Let o(f) = -11*f**2 + 8*f + 4. Let x(l) = -4*b(l) + o(l). What is the units digit of x(-14)?
8
What is the units digit of (1227/3)/((6/(-4))/(84/(-56)))?
9
Suppose 0*k = 3*k + 4*g - 2, -5*k - 4*g - 10 = 0. Let h(l) = l**3 + 8*l**2 - 9*l + 3. What is the tens digit of h(k)?
2
Let o(m) = -m**2 - 4*m + 7. Let f be o(-7). Let l = f + 74. Suppose 4*h + 4*b = l, -h - 5*b = -0*h - 7. What is the units digit of h?
7
Let o(k) = k**2 - 24*k - 59. Let l be o(26). Let y(v) = -103*v - 9. What is the hundreds digit of y(l)?
7
Let o(g) = -3 + 41*g - 1 + 10. Let l be o(3). Let q = -90 + l. What is the units digit of q?
9
Let u be ((-4422)/15)/2 + (-9)/15. Let z = u - -624. Suppose c - 124 = 4*x - z, 5*c + 368 = 4*x. What is the tens digit of x?
8
Let o be (-30)/(-12)*444/30. Suppose -31*l + o*l = 7650. What is the tens digit of l?
7
Suppose 4*d - 12*a + 864 = -16*a, -2*d + 3*a = 422. Let u = 537 + d. What is the units digit of u?
3
Suppose 0 = -16*k + 7*k - 29*k + 300010. What is the tens digit of k?
9
Let j(k) be the first derivative of 8*k**2 + 11*k - 10. What is the units digit of j(1)?
7
Suppose 9*a - 3473 + 962 = 0. Let p = a - -124. What is the hundreds digit of p?
4
Suppose 55 - 265 = 5*o. Let x = o - -151. Suppose -x - 5 = -2*l. What is the tens digit of l?
5
Let h(n) = 28*n - 58. Let w be h(6). Let z = w - 107. Suppose 5*r - 57 = -z*u + 429, -5*r - 683 = -4*u. What is the tens digit of u?
6
Let j be (1 - 1) + 1 + 24. Let o = 52 - j. Suppose -3*v + o + 162 = 0. What is the tens digit of v?
6
Let s(w) = -685*w + 2079. What is the thousands digit of s(-66)?
7
Suppose 1836 = -2*o + 6*o. Suppose o = 5*t - 1826. Suppose -t = -2*u + i, 3*u + i + 685 = 6*u. What is the hundreds digit of u?
2
Suppose -11*f = 3*f - 70. Suppose -f*c = -y - 572, y - 11 = 2*c - 241. What is the units digit of c?
4
Let j = 12800 - -5185. What is the thousands digit of j?
7
Let b be 130/(-16) - 27/(-216). Let h(j) = 10*j**2 - 24*j - 47. What is the tens digit of h(b)?
8
Let m(s) = -15*s**3 + 3*s**2 + 23*s - 30. What is the hundreds digit of m(-7)?
1
Suppose -1752114 = -512*p + 239*p. What is the thousands digit of p?
6
Let z(t) = 42*t + 8. Suppose 3*u - 6*u + 3*f = -18, 1 = -f. Suppose 2*n = 3*b + 4, 5*b = 3*n - u - 1. What is the units digit of z(n)?
2
Suppose 0 = 18*z - 9911 - 52557 - 460. What is the hundreds digit of z?
4
Let z = 28027 - 19917. What is the units digit of z?
0
Let a be (-160)/(-4) - (-4)/1. Let x be (-1419)/a*(-3)/((-18)/(-16)). Suppose g - 156 = -5*t, -x - 6 = -3*t - g. What is the tens digit of t?
3
Let d = -5573 - -11267. What is the hundreds digit of d?
6
Suppose p - 233 = 4*f + 63, -5*p = 0. Suppose -4*n - 4*d = 704, 0 = 3*n + d - 0*d + 536. Let i = f - n. What is the tens digit of i?
0
Let k(g) = 235*g**3 + 13*g**2 - 16*g + 71. What is the thousands digit of k(6)?
1
What is the units digit of 2281/((7 - 13)/(-18))?
3
Suppose -15*w + 16*w - 19 = -5*y, 4*y - 90 = -3*w. Let h(r) = -r**3 + 36*r**2 - 59*r - 18. What is the units digit of h(w)?
8
Suppose -23*g = 11 - 80. Suppose 2583 = g*r + 501. What is the tens digit of r?
9
Let m(g) = -36*g**3 + 2*g**2 - 10*g + 9. Let s(c) = -70*c**3 + 4*c**2 - 20*c + 18. Let z(b) = 5*m(b) - 3*s(b). What is the tens digit of z(3)?
1
Let r be 2 + -1 - 465*(-5)/(-5). Let z = 1040 + r. What is the hundreds digit of z?
5
Let d be (-136)/(-22) + -2 - 14/77. Suppose 0 = -5*i + 2*h + 9, 0 = -4*i + 2*h - h + 9. Suppose -i*y = 3*u - 156, 18 + 9 = u - d*y. What is the tens digit of u?
4
Let c(q) be the third derivative of q**6/120 + 11*q**5/60 + q**4/3 - q**3/3 - q**2. Let b be (36/14)/((-144)/504). What is the units digit of c(b)?
8
Let s(x) = x**2 - 24*x - 1219. What is the tens digit of s(-26)?
8
Let i(f) = 5*f**2 + 51*f + 1154. What is the hundreds digit of i(-55)?
4
Suppose 1402 = 2*h + 2*r, 1216 = 4*h - 4*r - 1588. Suppose 0 = 2*j + 3*v - h, -v = -5*j - 6*v + 1740. What is the hundreds digit of j?
3
Let b(r) = -2 - 8 - r + 3 - 114*r. What is the hundreds digit of b(-1)?
1
Let i(l) = -56*l + 16. Let w(g) = 6*g**2 - 1. Let h be w(1). Let q be i(h). Let p = q + 408. What is the hundreds digit of p?
1
Let b(y) = 5*y**2 + 2*y - 44. Let x = -175 + 181. What is the tens digit of b(x)?
4
Suppose -9*p - 28 = 44. What is the units digit of 1647/(-36)*-2*p/(-3)?
4
Let z(b) = -2*b**2 - 17*b + 10. Let a be z(-9). Let c be a*-1*3/3*-7. Suppose 8*x - 18 = c*x. What is the units digit of x?
8
Let m(d) = d**2 - d + 172. Suppose -x + x = 8*x. What is the units digit of m(x)?
2
Let l(t) = -238*t + 1356. What is the units digit of l(0)?
6
Let u(p) = -35*p**3 + 7*p**2 - 37*p - 446. What is the tens digit of u(-11)?
9
What is the tens digit of (-77)/(-35) + 436104/30?
3
Suppose -22*b - 86891 = 51624 - 760675. What is the tens digit of b?
8
Let f be 3 + (2 - 3) - 1. Let s be (-13 - -21)*582/(-24). What is the tens digit of 1*f/(-2)*s?
9
Let s(q) = 7651*q**2 + 171*q + 42. What is the thousands digit of s(-3)?
8
Let v(t) = 3*t**2 + 9*t - 9. Let g be v(-5). Let l(b) = 5*b - 42. Let w be l(g). Suppose 0 = m + 2*z - 27, 2*z + w = 4*m - 5. What is the tens digit of m?
1
Let o be ((-231)/12 + 1 - -2)*-4. Let i(x) = 32*x**2 - 39*x + o*x - 31*x. What is the hundreds digit of i(-2)?
1
Let t be -2 + (-5 - -6 - -5). Suppose -83 = -t*y + 253. What is the tens digit of y?
8
Let a(p) = 17*p**3 - 13*p**2 - 14*p + 37. What is the tens digit of a(8)?
9
Suppose 0 = 5*j - 3*u - 30823, 67*j - 72*j + 30817 = -2*u. What is the hundred